{"id":24,"date":"2022-09-11T10:34:08","date_gmt":"2022-09-11T10:34:08","guid":{"rendered":"https:\/\/omegaquant.no\/index.php\/about\/"},"modified":"2022-12-18T15:28:25","modified_gmt":"2022-12-18T15:28:25","slug":"about","status":"publish","type":"page","link":"https:\/\/omegaquant.no\/index.php\/about\/","title":{"rendered":"Om oss"},"content":{"rendered":"<p><img loading=\"lazy\" decoding=\"async\" width=\"681\" height=\"483\" src=\"https:\/\/omegaquant.no\/wp-content\/uploads\/2022\/09\/lancing-finger-BlueBG.webp\" alt=\"\" loading=\"lazy\" srcset=\"https:\/\/omegaquant.no\/wp-content\/uploads\/2022\/09\/lancing-finger-BlueBG.webp 681w, https:\/\/omegaquant.no\/wp-content\/uploads\/2022\/09\/lancing-finger-BlueBG-600x426.webp 600w, https:\/\/omegaquant.no\/wp-content\/uploads\/2022\/09\/lancing-finger-BlueBG-300x213.webp 300w\" sizes=\"auto, (max-width: 681px) 100vw, 681px\"><\/p>\n<h1>Om oss<\/h1>\n<p>Vikle Ut er et firma med en visjon om \u00e5 gj\u00f8re det enklere for deg \u00e5 leve sunnere og gladere. Vi vikler ut det innviklede. N\u00e5 trenger du ikke lenger \u00e5 g\u00e5 til lege for \u00e5 sjekke visse blodverdier. Kj\u00f8p OmegaQuant sine tester og gj\u00f8r jobben hjemmefra. Har du sp\u00f8rsm\u00e5l kontakt oss p\u00e5 info@omegaquant.no&nbsp;&nbsp;<\/p>\n<p><svg xmlns=\"http:\/\/www.w3.org\/2000\/svg\" id=\"a57ec174-ff38-4389-b9d2-4eba1269329a\" data-name=\"Layer 1\" width=\"82\" height=\"67\" viewBox=\"0 0 82 67\"><path d=\"M20.3643,32.1382q0-8.7154,3.2583-12.8008Q27.1524,14.98,34.212,14.98V0Q17.3775,0,8.6887,10.0772,0,19.8821,0,37.313A104.1284,104.1284,0,0,0,4.6159,67H36.1126V37.0406H20.3643Z\"><\/path><path d=\"M66.2517,37.0406V32.1382q0-8.7154,3.2583-12.8008Q73.04,14.98,80.0994,14.98V0Q63.265,0,54.5763,10.0772q-8.6888,9.8049-8.6889,27.2358A104.1319,104.1319,0,0,0,50.5033,67H82V37.0406Z\"><\/path><\/svg><\/p>\n<p>\u201cDet beh\u00f8ver ikke v\u00e6re s\u00e5 innviklet\u201d<\/p>\n<p>Marianne, daglig leder, Vikle Ut AS<\/p>\n<h2>As Featured In<\/h2>\n<h5>This is a space to showcase any publications your work has been featured in<\/h5>\n<figure><img decoding=\"async\" src=\"https:\/\/omegaquant.no\/wp-content\/uploads\/2022\/09\/Partners-Logo_5-13122021.svg\" alt=\"Partners-Logo_5-13122021.svg\"><\/figure>\n<figure><img decoding=\"async\" src=\"https:\/\/omegaquant.no\/wp-content\/uploads\/2022\/09\/Partners-Logo_2-13122021.svg\" alt=\"Partners-Logo_2-13122021.svg\"><\/figure>\n<figure><img decoding=\"async\" src=\"https:\/\/omegaquant.no\/wp-content\/uploads\/2022\/09\/Partners-Logo_1-13122021.svg\" alt=\"Partners-Logo_1-13122021.svg\"><\/figure>\n<figure><img decoding=\"async\" src=\"https:\/\/omegaquant.no\/wp-content\/uploads\/2022\/09\/Partners-Logo_4-13122021.svg\" alt=\"Partners-Logo_4-13122021.svg\"><\/figure>\n<figure><img decoding=\"async\" src=\"https:\/\/omegaquant.no\/wp-content\/uploads\/2022\/09\/Partners-Logo_3-13122021.svg\" alt=\"Partners-Logo_3-13122021.svg\"><\/figure>\n<h2>Recent Projects<\/h2>\n<h5>A short description that introduces visitors to your portfolio<\/h5>\n<figure class=\"gallery-item\">\n\t\t\t\t<a data-elementor-open-lightbox=\"yes\" data-elementor-lightbox-slideshow=\"3fb6fa06\" data-elementor-lightbox-title=\"526x526_01.jpg\" e-action-hash=\"#elementor-action%3Aaction%3Dlightbox%26settings%3DeyJpZCI6MTksInVybCI6Imh0dHBzOlwvXC9vbWVnYXF1YW50Lm5vXC93cC1jb250ZW50XC91cGxvYWRzXC8yMDIyXC8wOVwvNTI2eDUyNl8wMS5qcGciLCJzbGlkZXNob3ciOiIzZmI2ZmEwNiJ9\" href=\"https:\/\/omegaquant.no\/wp-content\/uploads\/2022\/09\/526x526_01.jpg\"><img loading=\"lazy\" width=\"526\" height=\"526\" src=\"https:\/\/omegaquant.no\/wp-content\/uploads\/2022\/09\/526x526_01.jpg\" alt=\"\" decoding=\"async\" loading=\"lazy\" srcset=\"https:\/\/omegaquant.no\/wp-content\/uploads\/2022\/09\/526x526_01.jpg 526w, https:\/\/omegaquant.no\/wp-content\/uploads\/2022\/09\/526x526_01-300x300.jpg 300w, https:\/\/omegaquant.no\/wp-content\/uploads\/2022\/09\/526x526_01-150x150.jpg 150w, https:\/\/omegaquant.no\/wp-content\/uploads\/2022\/09\/526x526_01-450x450.jpg 450w, https:\/\/omegaquant.no\/wp-content\/uploads\/2022\/09\/526x526_01-100x100.jpg 100w\" sizes=\"auto, (max-width: 526px) 100vw, 526px\"><\/a><\/figure>\n<figure class=\"gallery-item\">\n\t\t\t\t<a data-elementor-open-lightbox=\"yes\" data-elementor-lightbox-slideshow=\"3fb6fa06\" data-elementor-lightbox-title=\"526x526_02.jpg\" e-action-hash=\"#elementor-action%3Aaction%3Dlightbox%26settings%3DeyJpZCI6MjAsInVybCI6Imh0dHBzOlwvXC9vbWVnYXF1YW50Lm5vXC93cC1jb250ZW50XC91cGxvYWRzXC8yMDIyXC8wOVwvNTI2eDUyNl8wMi5qcGciLCJzbGlkZXNob3ciOiIzZmI2ZmEwNiJ9\" href=\"https:\/\/omegaquant.no\/wp-content\/uploads\/2022\/09\/526x526_02.jpg\"><img loading=\"lazy\" width=\"526\" height=\"526\" src=\"https:\/\/omegaquant.no\/wp-content\/uploads\/2022\/09\/526x526_02.jpg\" alt=\"\" decoding=\"async\" loading=\"lazy\" srcset=\"https:\/\/omegaquant.no\/wp-content\/uploads\/2022\/09\/526x526_02.jpg 526w, https:\/\/omegaquant.no\/wp-content\/uploads\/2022\/09\/526x526_02-300x300.jpg 300w, https:\/\/omegaquant.no\/wp-content\/uploads\/2022\/09\/526x526_02-150x150.jpg 150w, https:\/\/omegaquant.no\/wp-content\/uploads\/2022\/09\/526x526_02-450x450.jpg 450w, https:\/\/omegaquant.no\/wp-content\/uploads\/2022\/09\/526x526_02-100x100.jpg 100w\" sizes=\"auto, (max-width: 526px) 100vw, 526px\"><\/a><\/figure>\n<figure class=\"gallery-item\">\n\t\t\t\t<a data-elementor-open-lightbox=\"yes\" data-elementor-lightbox-slideshow=\"3fb6fa06\" data-elementor-lightbox-title=\"526x526.jpg\" e-action-hash=\"#elementor-action%3Aaction%3Dlightbox%26settings%3DeyJpZCI6MjEsInVybCI6Imh0dHBzOlwvXC9vbWVnYXF1YW50Lm5vXC93cC1jb250ZW50XC91cGxvYWRzXC8yMDIyXC8wOVwvNTI2eDUyNi5qcGciLCJzbGlkZXNob3ciOiIzZmI2ZmEwNiJ9\" href=\"https:\/\/omegaquant.no\/wp-content\/uploads\/2022\/09\/526x526.jpg\"><img loading=\"lazy\" width=\"526\" height=\"526\" src=\"https:\/\/omegaquant.no\/wp-content\/uploads\/2022\/09\/526x526.jpg\" alt=\"\" decoding=\"async\" loading=\"lazy\" srcset=\"https:\/\/omegaquant.no\/wp-content\/uploads\/2022\/09\/526x526.jpg 526w, https:\/\/omegaquant.no\/wp-content\/uploads\/2022\/09\/526x526-300x300.jpg 300w, https:\/\/omegaquant.no\/wp-content\/uploads\/2022\/09\/526x526-150x150.jpg 150w, https:\/\/omegaquant.no\/wp-content\/uploads\/2022\/09\/526x526-450x450.jpg 450w, https:\/\/omegaquant.no\/wp-content\/uploads\/2022\/09\/526x526-100x100.jpg 100w\" sizes=\"auto, (max-width: 526px) 100vw, 526px\"><\/a><\/figure>\n<p><a href=\"https:\/\/library.elementor.com\/portfolio-wireframe-2\/portfolio\/\" role=\"button\"><br \/>\nView All Projects<br \/>\n<\/a><\/p>\n<h2>A Title That Gets the Visitor to Contact You<\/h2>\n<p>This is your chance to emphasize why the visitor should contact you right now.<\/p>\n<p><a href=\"https:\/\/library.elementor.com\/portfolio-wireframe-2\/contact\/\" role=\"button\"><br \/>\nGet in touch<br \/>\n<\/a><br \/>\n<img loading=\"lazy\" decoding=\"async\" width=\"683\" height=\"600\" src=\"https:\/\/omegaquant.no\/wp-content\/uploads\/2022\/09\/Image_Placeholder-13122021.jpg\" alt=\"\" loading=\"lazy\" srcset=\"https:\/\/omegaquant.no\/wp-content\/uploads\/2022\/09\/Image_Placeholder-13122021.jpg 683w, https:\/\/omegaquant.no\/wp-content\/uploads\/2022\/09\/Image_Placeholder-13122021-300x264.jpg 300w, https:\/\/omegaquant.no\/wp-content\/uploads\/2022\/09\/Image_Placeholder-13122021-600x527.jpg 600w\" sizes=\"auto, (max-width: 683px) 100vw, 683px\"><\/p>\n","protected":false},"excerpt":{"rendered":"<p>Om oss Vikle Ut er et firma med en visjon om \u00e5 gj\u00f8re det enklere for deg \u00e5 leve sunnere og gladere. Vi vikler ut det innviklede. N\u00e5 trenger du ikke lenger \u00e5 g\u00e5 til lege for \u00e5 sjekke visse blodverdier. Kj\u00f8p OmegaQuant sine tester og gj\u00f8r jobben hjemmefra. Har du sp\u00f8rsm\u00e5l kontakt oss p\u00e5 [&hellip;]<\/p>\n","protected":false},"author":1,"featured_media":0,"parent":0,"menu_order":3,"comment_status":"closed","ping_status":"closed","template":"elementor_header_footer","meta":{"footnotes":""},"class_list":["post-24","page","type-page","status-publish","hentry"],"yoast_head":"<!-- This site is optimized with the Yoast SEO plugin v27.2 - https:\/\/yoast.com\/product\/yoast-seo-wordpress\/ -->\n<title>Om oss - Omegaquant<\/title>\n<meta name=\"robots\" content=\"index, follow, max-snippet:-1, max-image-preview:large, max-video-preview:-1\" \/>\n<link rel=\"canonical\" href=\"https:\/\/omegaquant.no\/index.php\/about\/\" \/>\n<meta property=\"og:locale\" content=\"nb_NO\" \/>\n<meta property=\"og:type\" content=\"article\" \/>\n<meta property=\"og:title\" content=\"Om oss - Omegaquant\" \/>\n<meta property=\"og:description\" content=\"Om oss Vikle Ut er et firma med en visjon om \u00e5 gj\u00f8re det enklere for deg \u00e5 leve sunnere og gladere. Vi vikler ut det innviklede. N\u00e5 trenger du ikke lenger \u00e5 g\u00e5 til lege for \u00e5 sjekke visse blodverdier. Kj\u00f8p OmegaQuant sine tester og gj\u00f8r jobben hjemmefra. Har du sp\u00f8rsm\u00e5l kontakt oss p\u00e5 [&hellip;]\" \/>\n<meta property=\"og:url\" content=\"https:\/\/omegaquant.no\/index.php\/about\/\" \/>\n<meta property=\"og:site_name\" content=\"Omegaquant\" \/>\n<meta property=\"article:modified_time\" content=\"2022-12-18T15:28:25+00:00\" \/>\n<meta property=\"og:image\" content=\"https:\/\/omegaquant.no\/wp-content\/uploads\/2022\/09\/lancing-finger-BlueBG.webp\" \/>\n<meta name=\"twitter:card\" content=\"summary_large_image\" \/>\n<meta name=\"twitter:label1\" content=\"Ansl. lesetid\" \/>\n\t<meta name=\"twitter:data1\" content=\"3 minutter\" \/>\n<script type=\"application\/ld+json\" class=\"yoast-schema-graph\">{\"@context\":\"https:\/\/schema.org\",\"@graph\":[{\"@type\":\"WebPage\",\"@id\":\"https:\/\/omegaquant.no\/index.php\/about\/\",\"url\":\"https:\/\/omegaquant.no\/index.php\/about\/\",\"name\":\"Om oss - Omegaquant\",\"isPartOf\":{\"@id\":\"https:\/\/omegaquant.no\/#website\"},\"primaryImageOfPage\":{\"@id\":\"https:\/\/omegaquant.no\/index.php\/about\/#primaryimage\"},\"image\":{\"@id\":\"https:\/\/omegaquant.no\/index.php\/about\/#primaryimage\"},\"thumbnailUrl\":\"https:\/\/omegaquant.no\/wp-content\/uploads\/2022\/09\/lancing-finger-BlueBG.webp\",\"datePublished\":\"2022-09-11T10:34:08+00:00\",\"dateModified\":\"2022-12-18T15:28:25+00:00\",\"breadcrumb\":{\"@id\":\"https:\/\/omegaquant.no\/index.php\/about\/#breadcrumb\"},\"inLanguage\":\"nb-NO\",\"potentialAction\":[{\"@type\":\"ReadAction\",\"target\":[\"https:\/\/omegaquant.no\/index.php\/about\/\"]}]},{\"@type\":\"ImageObject\",\"inLanguage\":\"nb-NO\",\"@id\":\"https:\/\/omegaquant.no\/index.php\/about\/#primaryimage\",\"url\":\"https:\/\/omegaquant.no\/wp-content\/uploads\/2022\/09\/lancing-finger-BlueBG.webp\",\"contentUrl\":\"https:\/\/omegaquant.no\/wp-content\/uploads\/2022\/09\/lancing-finger-BlueBG.webp\",\"width\":681,\"height\":483},{\"@type\":\"BreadcrumbList\",\"@id\":\"https:\/\/omegaquant.no\/index.php\/about\/#breadcrumb\",\"itemListElement\":[{\"@type\":\"ListItem\",\"position\":1,\"name\":\"Hjem\",\"item\":\"https:\/\/omegaquant.no\/\"},{\"@type\":\"ListItem\",\"position\":2,\"name\":\"Om oss\"}]},{\"@type\":\"WebSite\",\"@id\":\"https:\/\/omegaquant.no\/#website\",\"url\":\"https:\/\/omegaquant.no\/\",\"name\":\"Omegaquant\",\"description\":\"Blodpr\u00f8ver ern\u00e6ringsstatus\",\"publisher\":{\"@id\":\"https:\/\/omegaquant.no\/#organization\"},\"potentialAction\":[{\"@type\":\"SearchAction\",\"target\":{\"@type\":\"EntryPoint\",\"urlTemplate\":\"https:\/\/omegaquant.no\/?s={search_term_string}\"},\"query-input\":{\"@type\":\"PropertyValueSpecification\",\"valueRequired\":true,\"valueName\":\"search_term_string\"}}],\"inLanguage\":\"nb-NO\"},{\"@type\":\"Organization\",\"@id\":\"https:\/\/omegaquant.no\/#organization\",\"name\":\"Omegaquant\",\"url\":\"https:\/\/omegaquant.no\/\",\"logo\":{\"@type\":\"ImageObject\",\"inLanguage\":\"nb-NO\",\"@id\":\"https:\/\/omegaquant.no\/#\/schema\/logo\/image\/\",\"url\":\"https:\/\/omegaquant.no\/wp-content\/uploads\/2022\/09\/OmegaQuant-Logo-Horizontal.png\",\"contentUrl\":\"https:\/\/omegaquant.no\/wp-content\/uploads\/2022\/09\/OmegaQuant-Logo-Horizontal.png\",\"width\":517,\"height\":68,\"caption\":\"Omegaquant\"},\"image\":{\"@id\":\"https:\/\/omegaquant.no\/#\/schema\/logo\/image\/\"}}]}<\/script>\n<!-- \/ Yoast SEO plugin. -->","yoast_head_json":{"title":"Om oss - Omegaquant","robots":{"index":"index","follow":"follow","max-snippet":"max-snippet:-1","max-image-preview":"max-image-preview:large","max-video-preview":"max-video-preview:-1"},"canonical":"https:\/\/omegaquant.no\/index.php\/about\/","og_locale":"nb_NO","og_type":"article","og_title":"Om oss - Omegaquant","og_description":"Om oss Vikle Ut er et firma med en visjon om \u00e5 gj\u00f8re det enklere for deg \u00e5 leve sunnere og gladere. Vi vikler ut det innviklede. N\u00e5 trenger du ikke lenger \u00e5 g\u00e5 til lege for \u00e5 sjekke visse blodverdier. Kj\u00f8p OmegaQuant sine tester og gj\u00f8r jobben hjemmefra. Har du sp\u00f8rsm\u00e5l kontakt oss p\u00e5 [&hellip;]","og_url":"https:\/\/omegaquant.no\/index.php\/about\/","og_site_name":"Omegaquant","article_modified_time":"2022-12-18T15:28:25+00:00","og_image":[{"url":"https:\/\/omegaquant.no\/wp-content\/uploads\/2022\/09\/lancing-finger-BlueBG.webp","type":"","width":"","height":""}],"twitter_card":"summary_large_image","twitter_misc":{"Ansl. lesetid":"3 minutter"},"schema":{"@context":"https:\/\/schema.org","@graph":[{"@type":"WebPage","@id":"https:\/\/omegaquant.no\/index.php\/about\/","url":"https:\/\/omegaquant.no\/index.php\/about\/","name":"Om oss - Omegaquant","isPartOf":{"@id":"https:\/\/omegaquant.no\/#website"},"primaryImageOfPage":{"@id":"https:\/\/omegaquant.no\/index.php\/about\/#primaryimage"},"image":{"@id":"https:\/\/omegaquant.no\/index.php\/about\/#primaryimage"},"thumbnailUrl":"https:\/\/omegaquant.no\/wp-content\/uploads\/2022\/09\/lancing-finger-BlueBG.webp","datePublished":"2022-09-11T10:34:08+00:00","dateModified":"2022-12-18T15:28:25+00:00","breadcrumb":{"@id":"https:\/\/omegaquant.no\/index.php\/about\/#breadcrumb"},"inLanguage":"nb-NO","potentialAction":[{"@type":"ReadAction","target":["https:\/\/omegaquant.no\/index.php\/about\/"]}]},{"@type":"ImageObject","inLanguage":"nb-NO","@id":"https:\/\/omegaquant.no\/index.php\/about\/#primaryimage","url":"https:\/\/omegaquant.no\/wp-content\/uploads\/2022\/09\/lancing-finger-BlueBG.webp","contentUrl":"https:\/\/omegaquant.no\/wp-content\/uploads\/2022\/09\/lancing-finger-BlueBG.webp","width":681,"height":483},{"@type":"BreadcrumbList","@id":"https:\/\/omegaquant.no\/index.php\/about\/#breadcrumb","itemListElement":[{"@type":"ListItem","position":1,"name":"Hjem","item":"https:\/\/omegaquant.no\/"},{"@type":"ListItem","position":2,"name":"Om oss"}]},{"@type":"WebSite","@id":"https:\/\/omegaquant.no\/#website","url":"https:\/\/omegaquant.no\/","name":"Omegaquant","description":"Blodpr\u00f8ver ern\u00e6ringsstatus","publisher":{"@id":"https:\/\/omegaquant.no\/#organization"},"potentialAction":[{"@type":"SearchAction","target":{"@type":"EntryPoint","urlTemplate":"https:\/\/omegaquant.no\/?s={search_term_string}"},"query-input":{"@type":"PropertyValueSpecification","valueRequired":true,"valueName":"search_term_string"}}],"inLanguage":"nb-NO"},{"@type":"Organization","@id":"https:\/\/omegaquant.no\/#organization","name":"Omegaquant","url":"https:\/\/omegaquant.no\/","logo":{"@type":"ImageObject","inLanguage":"nb-NO","@id":"https:\/\/omegaquant.no\/#\/schema\/logo\/image\/","url":"https:\/\/omegaquant.no\/wp-content\/uploads\/2022\/09\/OmegaQuant-Logo-Horizontal.png","contentUrl":"https:\/\/omegaquant.no\/wp-content\/uploads\/2022\/09\/OmegaQuant-Logo-Horizontal.png","width":517,"height":68,"caption":"Omegaquant"},"image":{"@id":"https:\/\/omegaquant.no\/#\/schema\/logo\/image\/"}}]}},"_links":{"self":[{"href":"https:\/\/omegaquant.no\/index.php\/wp-json\/wp\/v2\/pages\/24","targetHints":{"allow":["GET"]}}],"collection":[{"href":"https:\/\/omegaquant.no\/index.php\/wp-json\/wp\/v2\/pages"}],"about":[{"href":"https:\/\/omegaquant.no\/index.php\/wp-json\/wp\/v2\/types\/page"}],"author":[{"embeddable":true,"href":"https:\/\/omegaquant.no\/index.php\/wp-json\/wp\/v2\/users\/1"}],"replies":[{"embeddable":true,"href":"https:\/\/omegaquant.no\/index.php\/wp-json\/wp\/v2\/comments?post=24"}],"version-history":[{"count":11,"href":"https:\/\/omegaquant.no\/index.php\/wp-json\/wp\/v2\/pages\/24\/revisions"}],"predecessor-version":[{"id":320,"href":"https:\/\/omegaquant.no\/index.php\/wp-json\/wp\/v2\/pages\/24\/revisions\/320"}],"wp:attachment":[{"href":"https:\/\/omegaquant.no\/index.php\/wp-json\/wp\/v2\/media?parent=24"}],"curies":[{"name":"wp","href":"https:\/\/api.w.org\/{rel}","templated":true}]}}